{"id":1474,"date":"2022-01-25T05:21:18","date_gmt":"2022-01-25T05:21:18","guid":{"rendered":"https:\/\/histoire-patrimoine-aoustois.fr\/?page_id=1474"},"modified":"2026-04-15T18:27:05","modified_gmt":"2026-04-15T18:27:05","slug":"accueil","status":"publish","type":"page","link":"https:\/\/histoire-patrimoine-aoustois.fr\/","title":{"rendered":"ACCUEIL"},"content":{"rendered":"\n<h2 class=\"wp-block-heading has-text-align-center has-text-color has-link-color has-medium-font-size wp-elements-0e577f5b8b89913bb862e2094cd862bb\" style=\"color:#1e00fe\"><br><br><br><br><\/h2>\n\n\n<div class=\"wp-block-image is-style-default\">\n<figure class=\"aligncenter size-full\"><a href=\"https:\/\/histoire-patrimoine-aoustois.fr\/?page_id=1689\"><img decoding=\"async\" width=\"250\" height=\"133\" src=\"https:\/\/histoire-patrimoine-aoustois.fr\/wp-content\/uploads\/2022\/11\/image.png\" alt=\"\" class=\"wp-image-7522\"\/><\/a><figcaption class=\"wp-element-caption\"><strong><span style=\"text-decoration: underline;\"><em>Clic sur l&rsquo;image<\/em><\/span><\/strong><\/figcaption><\/figure>\n<\/div>\n\n\n<p class=\"has-text-align-center has-text-color has-large-font-size\" style=\"color:#fb0000\"><br><br><strong>PROCHAINEMENT EXPOSITION<\/strong> <br><strong>\u00ab\u00a0Souvenirs d&rsquo;\u00e9cole &#8211; Un si\u00e8cle et demi d&rsquo;\u00e9l\u00e8ves\u00a0\u00bb<\/strong><\/p>\n\n\n\n<p class=\"has-text-align-center has-text-color has-large-font-size\" style=\"color:#fb0000\"><strong>du 12 mai au 2 juin \u00e0 la M\u00e9diath\u00e8que<\/strong><br><br><br><\/p>\n\n\n<div class=\"wp-block-image\">\n<figure class=\"aligncenter size-large\"><img fetchpriority=\"high\" decoding=\"async\" width=\"1024\" height=\"623\" src=\"https:\/\/histoire-patrimoine-aoustois.fr\/wp-content\/uploads\/2026\/04\/1954-4-1024x623.jpg\" alt=\"\" class=\"wp-image-10008\" srcset=\"https:\/\/histoire-patrimoine-aoustois.fr\/wp-content\/uploads\/2026\/04\/1954-4-1024x623.jpg 1024w, https:\/\/histoire-patrimoine-aoustois.fr\/wp-content\/uploads\/2026\/04\/1954-4-300x183.jpg 300w, https:\/\/histoire-patrimoine-aoustois.fr\/wp-content\/uploads\/2026\/04\/1954-4-768x468.jpg 768w, https:\/\/histoire-patrimoine-aoustois.fr\/wp-content\/uploads\/2026\/04\/1954-4.jpg 1250w\" sizes=\"(max-width: 1024px) 100vw, 1024px\" \/><\/figure>\n<\/div>\n\n\n<p><\/p>\n\n\n\n<p><\/p>\n\n\n\n<p class=\"has-text-align-center has-text-color has-large-font-size\" style=\"color:#0014fd\"><br><br><br><strong>A la d\u00e9couverte d&rsquo;un village de plus de deux mille ans<\/strong> &#8230;<br><br><\/p>\n\n\n<div class=\"wp-block-image\">\n<figure class=\"aligncenter size-full\"><img decoding=\"async\" width=\"800\" height=\"600\" src=\"https:\/\/histoire-patrimoine-aoustois.fr\/wp-content\/uploads\/2022\/01\/vue-aerienne-2019.jpg\" alt=\"\" class=\"wp-image-2017\" srcset=\"https:\/\/histoire-patrimoine-aoustois.fr\/wp-content\/uploads\/2022\/01\/vue-aerienne-2019.jpg 800w, https:\/\/histoire-patrimoine-aoustois.fr\/wp-content\/uploads\/2022\/01\/vue-aerienne-2019-300x225.jpg 300w, https:\/\/histoire-patrimoine-aoustois.fr\/wp-content\/uploads\/2022\/01\/vue-aerienne-2019-768x576.jpg 768w\" sizes=\"(max-width: 800px) 100vw, 800px\" \/><figcaption class=\"wp-element-caption\"><em>(Photo J.M. Faton)<\/em><\/figcaption><\/figure>\n<\/div>\n\n\n<p class=\"has-text-align-center\"><strong><a href=\"https:\/\/aouste-a-coeur.fr\/decouverte\/\">https:\/\/aouste-a-coeur.fr\/decouverte\/<\/a><\/strong><\/p>\n\n\n\n<p><\/p>\n\n\n\n<p><\/p>\n\n\n\n<figure class=\"wp-block-video\"><video height=\"768\" style=\"aspect-ratio: 1024 \/ 768;\" width=\"1024\" controls src=\"https:\/\/histoire-patrimoine-aoustois.fr\/wp-content\/uploads\/2022\/01\/bandeau-HPA-wordpress-1.mp4\"><\/video><\/figure>\n\n\n\n<p><br><br><br><\/p>\n\n\n\n<p><\/p>\n\n\n\n<p><\/p>\n\n\n\n<p class=\"has-text-align-center has-medium-font-size\"><strong>Ce que vous pouvez consulter sur ce site<\/strong><\/p>\n\n\n\n<p><br><br><\/p>\n\n\n\n<p><\/p>\n\n\n\n<ul style=\"color:#0d00ff\" class=\"wp-block-list has-text-color has-link-color wp-elements-9a1906e5e5f2b0479a2df67f98319e71\">\n<li class=\"has-text-color has-link-color wp-elements-fc9ae76d8ac17eef6a84a1eff8de3fb4\" style=\"color:#2a00fb\"><strong><a href=\"https:\/\/histoire-patrimoine-aoustois.fr\/?page_id=9219\">AOUSTE EN GRILLE<\/a><\/strong><\/li>\n<\/ul>\n\n\n\n<ul style=\"color:#0d00ff\" class=\"wp-block-list has-text-color has-link-color wp-elements-486eeb0865cf64fffa3751cf37801b24\">\n<li class=\"has-text-color has-link-color wp-elements-4b69ff478476579436ff6fbb481ace06\" style=\"color:#1500ff\"><strong><a href=\"https:\/\/aouste-a-coeur.fr\/wp-content\/uploads\/2023\/07\/Aouste-dans-lhistoire-texte-07-2023-4.pdf\">AOUSTE SUR SYE DANS L\u2019HISTOIRE<\/a><\/strong><\/li>\n<\/ul>\n\n\n\n<ul style=\"color:#0d00ff\" class=\"wp-block-list has-text-color has-link-color wp-elements-cfaf455eac1d722b0f920c50059dddee\">\n<li class=\"has-text-color has-link-color wp-elements-9ff72477bbfb94b7bef60b051f4cb69e\" style=\"color:#2207e3\"><strong><a href=\"https:\/\/histoire-patrimoine-aoustois.fr\/?page_id=1596\">BIENVENUE<\/a><\/strong><\/li>\n<\/ul>\n\n\n\n<ul style=\"color:#0d00ff\" class=\"wp-block-list has-text-color has-link-color wp-elements-727f9630bfa40bea6c360d8a6299bd54\">\n<li class=\"has-text-color has-link-color wp-elements-e30ac78a6ea1bea8f3d80f600c952339\" style=\"color:#0c07e3\"><strong><a href=\"https:\/\/histoire-patrimoine-aoustois.fr\/?page_id=1718\">DES PHOTOS<\/a><\/strong><\/li>\n<\/ul>\n\n\n\n<ul style=\"color:#0d00ff\" class=\"wp-block-list has-text-color has-link-color wp-elements-ff84e6f02f9642229f9496aeb6d0fc00\">\n<li class=\"has-text-color has-link-color wp-elements-a1435526e256503045995afed02f390f\" style=\"color:#0a06fe\"><strong><a href=\"https:\/\/histoire-patrimoine-aoustois.fr\/?page_id=1700\">HISTOIRE D\u2019AOUSTE SUR SYE<\/a><\/strong><\/li>\n<\/ul>\n\n\n\n<ul style=\"color:#001eff\" class=\"wp-block-list has-text-color has-link-color wp-elements-b065e93c7cf007c0549a246707430b4a\">\n<li class=\"has-text-color has-link-color wp-elements-4550cb70d3a36c95d8ab385bfd245835\" style=\"color:#0709e3\"><strong>H<a href=\"https:\/\/histoire-patrimoine-aoustois.fr\/?page_id=8530\">ISTOIRE D\u2019AOUSTE SUR SYE PAR L\u2019IMAGE<\/a><\/strong><\/li>\n<\/ul>\n\n\n\n<ul style=\"color:#001eff\" class=\"wp-block-list has-text-color has-link-color wp-elements-078e0b73e98b87f5afb4a429768ee3c8\">\n<li><strong><a href=\"https:\/\/histoire-patrimoine-aoustois.fr\/?page_id=7881\">HISTOIRE D\u2019EAU<\/a><\/strong><\/li>\n<\/ul>\n\n\n\n<ul style=\"color:#001eff\" class=\"wp-block-list has-text-color has-link-color wp-elements-0a48a5c89c8a23858870d86e316507b8\">\n<li><strong><a href=\"https:\/\/histoire-patrimoine-aoustois.fr\/?page_id=1684\">L\u2019ASSOCIATION<\/a><\/strong><\/li>\n<\/ul>\n\n\n\n<ul style=\"color:#001eff\" class=\"wp-block-list has-text-color has-link-color wp-elements-efc1dcb8af2c90633a211c43e3b3bc66\">\n<li><strong><a href=\"https:\/\/histoire-patrimoine-aoustois.fr\/?page_id=1699\">LA VISITE DU VILLAGE<\/a><\/strong><\/li>\n<\/ul>\n\n\n\n<ul style=\"color:#001eff\" class=\"wp-block-list has-text-color has-link-color wp-elements-f2369688c85ca60e8314c01ccedbeeb3\">\n<li><strong><a href=\"https:\/\/histoire-patrimoine-aoustois.fr\/?page_id=1697\">LE PARCOURS HISTORIQUE<\/a><\/strong><\/li>\n<\/ul>\n\n\n\n<ul style=\"color:#001eff\" class=\"wp-block-list has-text-color has-link-color wp-elements-c57c6216906261be1ed0411a2a68b90e\">\n<li><strong><a href=\"https:\/\/histoire-patrimoine-aoustois.fr\/?page_id=1701\">LE R\u00c9PERTOIRE ARCH\u00c9OLOGIQUE<\/a><\/strong><\/li>\n<\/ul>\n\n\n\n<ul style=\"color:#001eff\" class=\"wp-block-list has-text-color has-link-color wp-elements-eeb481a76688cada26bbde07074e9c52\">\n<li><strong><a href=\"https:\/\/histoire-patrimoine-aoustois.fr\/?page_id=1689\">LES ACTUALIT\u00c9S<\/a><\/strong><\/li>\n<\/ul>\n\n\n\n<ul style=\"color:#001eff\" class=\"wp-block-list has-text-color has-link-color wp-elements-639e92dc4311ffa8c0d7fe61c865bd18\">\n<li><strong><a href=\"https:\/\/histoire-patrimoine-aoustois.fr\/?page_id=1702\">LES ANTIQUIT\u00c9S D\u2019AOUSTE SUR SYE<\/a><\/strong><\/li>\n<\/ul>\n\n\n\n<ul style=\"color:#001eff\" class=\"wp-block-list has-text-color has-link-color wp-elements-409db7eba4ac6a54f349e59b4f918201\">\n<li><strong><a href=\"https:\/\/histoire-patrimoine-aoustois.fr\/?page_id=1496\">LES ARCHIVES<\/a><\/strong><\/li>\n<\/ul>\n\n\n\n<ul style=\"color:#001eff\" class=\"wp-block-list has-text-color has-link-color wp-elements-4ed81ab68d1f5dc045163005ba5122bc\">\n<li><strong><a href=\"https:\/\/histoire-patrimoine-aoustois.fr\/?page_id=1703\">LES CHRONIQUES AOUSTOISES<\/a><\/strong><\/li>\n<\/ul>\n\n\n\n<ul style=\"color:#001eff\" class=\"wp-block-list has-text-color has-link-color wp-elements-9bf80d9b6c123d3df1f5cb4e615c99d3\">\n<li><strong><a href=\"https:\/\/histoire-patrimoine-aoustois.fr\/?page_id=3872\">LES CHRONIQUES DR\u00d4MOISES<\/a><\/strong><\/li>\n<\/ul>\n\n\n\n<ul style=\"color:#001eff\" class=\"wp-block-list has-text-color has-link-color wp-elements-e1b66602ef212ea719045d181f23eed2\">\n<li><strong><a href=\"https:\/\/histoire-patrimoine-aoustois.fr\/?page_id=1693\">LES COMPTES-RENDUS DES R\u00c9UNIONS<\/a><\/strong><\/li>\n<\/ul>\n\n\n\n<ul style=\"color:#001eff\" class=\"wp-block-list has-text-color has-link-color wp-elements-c9ee596ff03127a83b344b103f169bc1\">\n<li><strong><a href=\"https:\/\/histoire-patrimoine-aoustois.fr\/?page_id=7369\">LES EXPOSITIONS<\/a><\/strong><\/li>\n<\/ul>\n\n\n\n<ul style=\"color:#001eff\" class=\"wp-block-list has-text-color has-link-color wp-elements-52fcd912f4ce14f988106c963e425a82\">\n<li><strong><a href=\"https:\/\/histoire-patrimoine-aoustois.fr\/?page_id=4189\">LES NEWS<\/a><\/strong><\/li>\n<\/ul>\n\n\n\n<ul style=\"color:#001eff\" class=\"wp-block-list has-text-color has-link-color wp-elements-aa25bec7810f63bb5e93520919fd9094\">\n<li><a href=\"https:\/\/histoire-patrimoine-aoustois.fr\/?page_id=1719\"><strong>LES<\/strong> <strong>PHOTOS AOUSTE ANCIEN ET ACTUEL<\/strong><\/a><\/li>\n<\/ul>\n\n\n\n<ul style=\"color:#001eff\" class=\"wp-block-list has-text-color has-link-color wp-elements-df5b1f7b90ffd11a6cabdbc1369409a8\">\n<li><strong><a href=\"https:\/\/histoire-patrimoine-aoustois.fr\/?page_id=6922\">SOUVENIRS 1900<\/a><\/strong><\/li>\n<\/ul>\n\n\n\n<ul style=\"color:#001eff\" class=\"wp-block-list has-text-color has-link-color wp-elements-af08c71c43918cad9b948d3890665d77\">\n<li><strong><a href=\"https:\/\/histoire-patrimoine-aoustois.fr\/?page_id=9353\">SUR LES CHEMINS DU PATRIMOINE<\/a><\/strong><\/li>\n<\/ul>\n\n\n\n<ul style=\"color:#001eff\" class=\"wp-block-list has-text-color has-link-color wp-elements-ada6dbb7596950c3db1aa7a3e988a385\">\n<li><strong><a href=\"https:\/\/histoire-patrimoine-aoustois.fr\/?page_id=2574\">UN TORRENT, LA DR\u00d4ME<\/a><\/strong><\/li>\n<\/ul>\n\n\n\n<p><br><br><br><br><br><br><\/p>\n\n\n<div class=\"wp-block-image\">\n<figure class=\"aligncenter size-full\"><img loading=\"lazy\" decoding=\"async\" width=\"500\" height=\"500\" src=\"https:\/\/histoire-patrimoine-aoustois.fr\/wp-content\/uploads\/2025\/09\/DeWatermark.ai_1758267323130-removebg-preview-OK-5.png\" alt=\"\" class=\"wp-image-9834\" srcset=\"https:\/\/histoire-patrimoine-aoustois.fr\/wp-content\/uploads\/2025\/09\/DeWatermark.ai_1758267323130-removebg-preview-OK-5.png 500w, https:\/\/histoire-patrimoine-aoustois.fr\/wp-content\/uploads\/2025\/09\/DeWatermark.ai_1758267323130-removebg-preview-OK-5-300x300.png 300w, https:\/\/histoire-patrimoine-aoustois.fr\/wp-content\/uploads\/2025\/09\/DeWatermark.ai_1758267323130-removebg-preview-OK-5-150x150.png 150w\" sizes=\"(max-width: 500px) 100vw, 500px\" \/><\/figure>\n<\/div>\n\n\n<p><\/p>\n\n\n\n<p><\/p>\n\n\n\n<h1 class=\"wp-block-heading has-text-align-center has-text-color has-link-color has-medium-font-size wp-elements-8f41615248377ac2a3c5108bf9ffc0ee\" style=\"color:#2207e3\"><br><\/h1>\n\n\n\n<p><\/p>\n\n\n\n<p><\/p>\n\n\n\n<p><\/p>\n\n\n\n<p class=\"has-medium-font-size\"><strong>Formulaire de contact<\/strong><\/p>\n\n\n<div class=\"wp-block-jetpack-contact-form is-layout-flex wp-container-jetpack-contact-form-is-layout-026b38f8 wp-block-jetpack-contact-form-is-layout-flex\"><a href=\"https:\/\/histoire-patrimoine-aoustois.fr\/\" target=\"_blank\" rel=\"noopener noreferrer\">Soumettre un formulaire.<\/a><\/div>\n\n\n<p class=\"has-text-align-center has-medium-font-size\"><br><br><\/p>\n","protected":false},"excerpt":{"rendered":"<p>PROCHAINEMENT EXPOSITION \u00ab\u00a0Souvenirs d&rsquo;\u00e9cole &#8211; Un si\u00e8cle et demi d&rsquo;\u00e9l\u00e8ves\u00a0\u00bb du 12 mai au 2 juin \u00e0 la M\u00e9diath\u00e8que A la d\u00e9couverte d&rsquo;un village de plus de deux mille ans &#8230; https:\/\/aouste-a-coeur.fr\/decouverte\/ Ce que vous pouvez consulter sur ce site Formulaire de contact<\/p>\n","protected":false},"author":1,"featured_media":0,"parent":0,"menu_order":0,"comment_status":"open","ping_status":"closed","template":"","meta":{"footnotes":""},"class_list":["post-1474","page","type-page","status-publish","hentry","entry"],"yoast_head":"<!-- This site is optimized with the Yoast SEO plugin v27.4 - https:\/\/yoast.com\/product\/yoast-seo-wordpress\/ -->\n<title>ACCUEIL - HISTOIRE PATRIMOINE AOUSTOIS<\/title>\n<meta name=\"description\" content=\"Au cours de cette ballade virtuelle dans le bourg ancien, venez d\u00e9couvrir au fil des vieilles rues, l&#039;histoire cach\u00e9e de notre village\" \/>\n<meta name=\"robots\" content=\"index, follow, max-snippet:-1, max-image-preview:large, max-video-preview:-1\" \/>\n<link rel=\"canonical\" href=\"https:\/\/histoire-patrimoine-aoustois.fr\/\" \/>\n<meta property=\"og:locale\" content=\"fr_FR\" \/>\n<meta property=\"og:type\" content=\"article\" \/>\n<meta property=\"og:title\" content=\"ACCUEIL - HISTOIRE PATRIMOINE AOUSTOIS\" \/>\n<meta property=\"og:description\" content=\"Au cours de cette ballade virtuelle dans le bourg ancien, venez d\u00e9couvrir au fil des vieilles rues, l&#039;histoire cach\u00e9e de notre village\" \/>\n<meta property=\"og:url\" content=\"https:\/\/histoire-patrimoine-aoustois.fr\/\" \/>\n<meta property=\"og:site_name\" content=\"HISTOIRE PATRIMOINE AOUSTOIS\" \/>\n<meta property=\"article:modified_time\" content=\"2026-04-15T18:27:05+00:00\" \/>\n<meta property=\"og:image\" content=\"https:\/\/histoire-patrimoine-aoustois.fr\/wp-content\/uploads\/2022\/11\/image.png\" \/>\n\t<meta property=\"og:image:width\" content=\"250\" \/>\n\t<meta property=\"og:image:height\" content=\"133\" \/>\n\t<meta property=\"og:image:type\" content=\"image\/png\" \/>\n<meta name=\"twitter:card\" content=\"summary_large_image\" \/>\n<meta name=\"twitter:label1\" content=\"Dur\u00e9e de lecture estim\u00e9e\" \/>\n\t<meta name=\"twitter:data1\" content=\"2 minutes\" \/>\n<script type=\"application\/ld+json\" class=\"yoast-schema-graph\">{\"@context\":\"https:\\\/\\\/schema.org\",\"@graph\":[{\"@type\":\"WebPage\",\"@id\":\"https:\\\/\\\/histoire-patrimoine-aoustois.fr\\\/\",\"url\":\"https:\\\/\\\/histoire-patrimoine-aoustois.fr\\\/\",\"name\":\"ACCUEIL - HISTOIRE PATRIMOINE AOUSTOIS\",\"isPartOf\":{\"@id\":\"https:\\\/\\\/histoire-patrimoine-aoustois.fr\\\/#website\"},\"primaryImageOfPage\":{\"@id\":\"https:\\\/\\\/histoire-patrimoine-aoustois.fr\\\/#primaryimage\"},\"image\":{\"@id\":\"https:\\\/\\\/histoire-patrimoine-aoustois.fr\\\/#primaryimage\"},\"thumbnailUrl\":\"https:\\\/\\\/histoire-patrimoine-aoustois.fr\\\/wp-content\\\/uploads\\\/2022\\\/11\\\/image.png\",\"datePublished\":\"2022-01-25T05:21:18+00:00\",\"dateModified\":\"2026-04-15T18:27:05+00:00\",\"description\":\"Au cours de cette ballade virtuelle dans le bourg ancien, venez d\u00e9couvrir au fil des vieilles rues, l'histoire cach\u00e9e de notre village\",\"breadcrumb\":{\"@id\":\"https:\\\/\\\/histoire-patrimoine-aoustois.fr\\\/#breadcrumb\"},\"inLanguage\":\"fr-FR\",\"potentialAction\":[{\"@type\":\"ReadAction\",\"target\":[\"https:\\\/\\\/histoire-patrimoine-aoustois.fr\\\/\"]}]},{\"@type\":\"ImageObject\",\"inLanguage\":\"fr-FR\",\"@id\":\"https:\\\/\\\/histoire-patrimoine-aoustois.fr\\\/#primaryimage\",\"url\":\"https:\\\/\\\/histoire-patrimoine-aoustois.fr\\\/wp-content\\\/uploads\\\/2022\\\/11\\\/image.png\",\"contentUrl\":\"https:\\\/\\\/histoire-patrimoine-aoustois.fr\\\/wp-content\\\/uploads\\\/2022\\\/11\\\/image.png\",\"width\":250,\"height\":133},{\"@type\":\"BreadcrumbList\",\"@id\":\"https:\\\/\\\/histoire-patrimoine-aoustois.fr\\\/#breadcrumb\",\"itemListElement\":[{\"@type\":\"ListItem\",\"position\":1,\"name\":\"Accueil\",\"item\":\"https:\\\/\\\/histoire-patrimoine-aoustois.fr\\\/\"},{\"@type\":\"ListItem\",\"position\":2,\"name\":\"ACCUEIL\"}]},{\"@type\":\"WebSite\",\"@id\":\"https:\\\/\\\/histoire-patrimoine-aoustois.fr\\\/#website\",\"url\":\"https:\\\/\\\/histoire-patrimoine-aoustois.fr\\\/\",\"name\":\"HISTOIRE PATRIMOINE AOUSTOIS\",\"description\":\"\",\"publisher\":{\"@id\":\"https:\\\/\\\/histoire-patrimoine-aoustois.fr\\\/#organization\"},\"potentialAction\":[{\"@type\":\"SearchAction\",\"target\":{\"@type\":\"EntryPoint\",\"urlTemplate\":\"https:\\\/\\\/histoire-patrimoine-aoustois.fr\\\/?s={search_term_string}\"},\"query-input\":{\"@type\":\"PropertyValueSpecification\",\"valueRequired\":true,\"valueName\":\"search_term_string\"}}],\"inLanguage\":\"fr-FR\"},{\"@type\":\"Organization\",\"@id\":\"https:\\\/\\\/histoire-patrimoine-aoustois.fr\\\/#organization\",\"name\":\"histoire patrimoine aoustois\",\"url\":\"https:\\\/\\\/histoire-patrimoine-aoustois.fr\\\/\",\"logo\":{\"@type\":\"ImageObject\",\"inLanguage\":\"fr-FR\",\"@id\":\"https:\\\/\\\/histoire-patrimoine-aoustois.fr\\\/#\\\/schema\\\/logo\\\/image\\\/\",\"url\":\"\",\"contentUrl\":\"\",\"caption\":\"histoire patrimoine aoustois\"},\"image\":{\"@id\":\"https:\\\/\\\/histoire-patrimoine-aoustois.fr\\\/#\\\/schema\\\/logo\\\/image\\\/\"}}]}<\/script>\n<!-- \/ Yoast SEO plugin. -->","yoast_head_json":{"title":"ACCUEIL - HISTOIRE PATRIMOINE AOUSTOIS","description":"Au cours de cette ballade virtuelle dans le bourg ancien, venez d\u00e9couvrir au fil des vieilles rues, l'histoire cach\u00e9e de notre village","robots":{"index":"index","follow":"follow","max-snippet":"max-snippet:-1","max-image-preview":"max-image-preview:large","max-video-preview":"max-video-preview:-1"},"canonical":"https:\/\/histoire-patrimoine-aoustois.fr\/","og_locale":"fr_FR","og_type":"article","og_title":"ACCUEIL - HISTOIRE PATRIMOINE AOUSTOIS","og_description":"Au cours de cette ballade virtuelle dans le bourg ancien, venez d\u00e9couvrir au fil des vieilles rues, l'histoire cach\u00e9e de notre village","og_url":"https:\/\/histoire-patrimoine-aoustois.fr\/","og_site_name":"HISTOIRE PATRIMOINE AOUSTOIS","article_modified_time":"2026-04-15T18:27:05+00:00","og_image":[{"width":250,"height":133,"url":"https:\/\/histoire-patrimoine-aoustois.fr\/wp-content\/uploads\/2022\/11\/image.png","type":"image\/png"}],"twitter_card":"summary_large_image","twitter_misc":{"Dur\u00e9e de lecture estim\u00e9e":"2 minutes"},"schema":{"@context":"https:\/\/schema.org","@graph":[{"@type":"WebPage","@id":"https:\/\/histoire-patrimoine-aoustois.fr\/","url":"https:\/\/histoire-patrimoine-aoustois.fr\/","name":"ACCUEIL - HISTOIRE PATRIMOINE AOUSTOIS","isPartOf":{"@id":"https:\/\/histoire-patrimoine-aoustois.fr\/#website"},"primaryImageOfPage":{"@id":"https:\/\/histoire-patrimoine-aoustois.fr\/#primaryimage"},"image":{"@id":"https:\/\/histoire-patrimoine-aoustois.fr\/#primaryimage"},"thumbnailUrl":"https:\/\/histoire-patrimoine-aoustois.fr\/wp-content\/uploads\/2022\/11\/image.png","datePublished":"2022-01-25T05:21:18+00:00","dateModified":"2026-04-15T18:27:05+00:00","description":"Au cours de cette ballade virtuelle dans le bourg ancien, venez d\u00e9couvrir au fil des vieilles rues, l'histoire cach\u00e9e de notre village","breadcrumb":{"@id":"https:\/\/histoire-patrimoine-aoustois.fr\/#breadcrumb"},"inLanguage":"fr-FR","potentialAction":[{"@type":"ReadAction","target":["https:\/\/histoire-patrimoine-aoustois.fr\/"]}]},{"@type":"ImageObject","inLanguage":"fr-FR","@id":"https:\/\/histoire-patrimoine-aoustois.fr\/#primaryimage","url":"https:\/\/histoire-patrimoine-aoustois.fr\/wp-content\/uploads\/2022\/11\/image.png","contentUrl":"https:\/\/histoire-patrimoine-aoustois.fr\/wp-content\/uploads\/2022\/11\/image.png","width":250,"height":133},{"@type":"BreadcrumbList","@id":"https:\/\/histoire-patrimoine-aoustois.fr\/#breadcrumb","itemListElement":[{"@type":"ListItem","position":1,"name":"Accueil","item":"https:\/\/histoire-patrimoine-aoustois.fr\/"},{"@type":"ListItem","position":2,"name":"ACCUEIL"}]},{"@type":"WebSite","@id":"https:\/\/histoire-patrimoine-aoustois.fr\/#website","url":"https:\/\/histoire-patrimoine-aoustois.fr\/","name":"HISTOIRE PATRIMOINE AOUSTOIS","description":"","publisher":{"@id":"https:\/\/histoire-patrimoine-aoustois.fr\/#organization"},"potentialAction":[{"@type":"SearchAction","target":{"@type":"EntryPoint","urlTemplate":"https:\/\/histoire-patrimoine-aoustois.fr\/?s={search_term_string}"},"query-input":{"@type":"PropertyValueSpecification","valueRequired":true,"valueName":"search_term_string"}}],"inLanguage":"fr-FR"},{"@type":"Organization","@id":"https:\/\/histoire-patrimoine-aoustois.fr\/#organization","name":"histoire patrimoine aoustois","url":"https:\/\/histoire-patrimoine-aoustois.fr\/","logo":{"@type":"ImageObject","inLanguage":"fr-FR","@id":"https:\/\/histoire-patrimoine-aoustois.fr\/#\/schema\/logo\/image\/","url":"","contentUrl":"","caption":"histoire patrimoine aoustois"},"image":{"@id":"https:\/\/histoire-patrimoine-aoustois.fr\/#\/schema\/logo\/image\/"}}]}},"jetpack_sharing_enabled":true,"_links":{"self":[{"href":"https:\/\/histoire-patrimoine-aoustois.fr\/index.php?rest_route=\/wp\/v2\/pages\/1474","targetHints":{"allow":["GET"]}}],"collection":[{"href":"https:\/\/histoire-patrimoine-aoustois.fr\/index.php?rest_route=\/wp\/v2\/pages"}],"about":[{"href":"https:\/\/histoire-patrimoine-aoustois.fr\/index.php?rest_route=\/wp\/v2\/types\/page"}],"author":[{"embeddable":true,"href":"https:\/\/histoire-patrimoine-aoustois.fr\/index.php?rest_route=\/wp\/v2\/users\/1"}],"replies":[{"embeddable":true,"href":"https:\/\/histoire-patrimoine-aoustois.fr\/index.php?rest_route=%2Fwp%2Fv2%2Fcomments&post=1474"}],"version-history":[{"count":38,"href":"https:\/\/histoire-patrimoine-aoustois.fr\/index.php?rest_route=\/wp\/v2\/pages\/1474\/revisions"}],"predecessor-version":[{"id":10047,"href":"https:\/\/histoire-patrimoine-aoustois.fr\/index.php?rest_route=\/wp\/v2\/pages\/1474\/revisions\/10047"}],"wp:attachment":[{"href":"https:\/\/histoire-patrimoine-aoustois.fr\/index.php?rest_route=%2Fwp%2Fv2%2Fmedia&parent=1474"}],"curies":[{"name":"wp","href":"https:\/\/api.w.org\/{rel}","templated":true}]}}