{"id":1722,"date":"2022-01-28T05:32:27","date_gmt":"2022-01-28T05:32:27","guid":{"rendered":"https:\/\/histoire-patrimoine-aoustois.fr\/?page_id=1722"},"modified":"2022-03-13T09:11:59","modified_gmt":"2022-03-13T09:11:59","slug":"annee-2019","status":"publish","type":"page","link":"https:\/\/histoire-patrimoine-aoustois.fr\/?page_id=1722","title":{"rendered":"ANNEE 2019"},"content":{"rendered":"\n<p><br><\/p>\n\n\n\n<div class=\"wp-block-image\"><figure class=\"aligncenter size-full\"><img decoding=\"async\" src=\"https:\/\/histoire-patrimoine-aoustois.fr\/wp-content\/uploads\/2022\/03\/logo-HPA-bandeau-mini-nouveau-site.jpg\" alt=\"\" class=\"wp-image-6486\"\/><\/figure><\/div>\n\n\n\n<p><br><br><br><\/p>\n\n\n\n<p class=\"has-text-align-center\"><strong>ARCHIVES &#8211; ANNEE 2019<\/strong><br><br><br>&nbsp;<\/p>\n\n\n\n<div class=\"wp-block-image\"><figure class=\"aligncenter\"><img decoding=\"async\" src=\"https:\/\/static.neopse.com\/medias\/p\/523\/site\/f6\/e0\/0c\/f6e00cd8d8e4df19d945d063077e0fcf4a075cdf.jpg?v=v1\" alt=\"\"\/><\/figure><\/div>\n\n\n\n<p><br><br><br><strong>F\u00e9vrier 2019 <\/strong>: &#8211; <em><a href=\"https:\/\/histoire-patrimoine-aoustois.fr\/?p=4248\" target=\"_blank\" rel=\"noreferrer noopener\">Sur les dragonades \u00e0 Crest en 1683<\/a><\/em> <em>(Chroniques Dr\u00f4moises)<\/em><br><br><strong>Mars 2019 :<\/strong> &#8211;<em> <a href=\"https:\/\/histoire-patrimoine-aoustois.fr\/?p=5375\" target=\"_blank\" rel=\"noreferrer noopener\">Dom Aymon d&rsquo;Aouste<\/a><\/em> ( Chroniques Aoustoises)<br><br><strong>Avril 2019<\/strong> : <em><a href=\"https:\/\/histoire-patrimoine-aoustois.fr\/?p=5382\" target=\"_blank\" rel=\"noreferrer noopener\">Une navette entre Aouste et Crest en 1859<\/a> <\/em>( Chroniques Aoustoises)<br><br><strong>Juin 2019 <\/strong><em>: <a href=\"https:\/\/histoire-patrimoine-aoustois.fr\/?p=4250\" target=\"_blank\" rel=\"noreferrer noopener\">Relations des cur\u00e9s avec leurs paroissiens dans le dioc\u00e8se de Die sous l&rsquo;Ancien R\u00e9gime<\/a> ( Chroniques Dr\u00f4moises)<\/em><br><br><strong>Juillet &#8211; Ao\u00fbt 2019<\/strong><em>: <a href=\"https:\/\/histoire-patrimoine-aoustois.fr\/?p=5396\" target=\"_blank\" rel=\"noreferrer noopener\">Les canaux d&rsquo;Aouste sur Sye : rappels historiques <\/a>(Chroniques Aoustoises)<\/em><br><br><strong>Septembre 2019<\/strong><em> : <a href=\"https:\/\/histoire-patrimoine-aoustois.fr\/?p=4935\" target=\"_blank\" rel=\"noreferrer noopener\">Contrat d&rsquo;un professeur de droit avec un magistrat de Crest en 1618 <\/a>( Chroniques Dr\u00f4moises)<br><br><strong>Octobre 2019 <\/strong>: <a href=\"https:\/\/histoire-patrimoine-aoustois.fr\/?p=4967\" target=\"_blank\" rel=\"noreferrer noopener\">Les \u00ab\u00a0Goulets\u00a0\u00bb <\/a>(Chroniques Dr\u00f4moises)<\/em><\/p>\n","protected":false},"excerpt":{"rendered":"<p>ARCHIVES &#8211; ANNEE 2019 &nbsp; F\u00e9vrier 2019 : &#8211; Sur les dragonades \u00e0 Crest en 1683 (Chroniques Dr\u00f4moises) Mars 2019 : &#8211; Dom Aymon d&rsquo;Aouste ( Chroniques Aoustoises) Avril 2019 : Une navette entre Aouste et Crest en 1859 ( Chroniques Aoustoises) Juin 2019 : Relations des cur\u00e9s avec leurs paroissiens dans le dioc\u00e8se de [&hellip;]<\/p>\n","protected":false},"author":1,"featured_media":0,"parent":0,"menu_order":0,"comment_status":"closed","ping_status":"closed","template":"","meta":{"footnotes":""},"class_list":["post-1722","page","type-page","status-publish","hentry","entry"],"yoast_head":"<!-- This site is optimized with the Yoast SEO plugin v27.4 - https:\/\/yoast.com\/product\/yoast-seo-wordpress\/ -->\n<title>ANNEE 2019 - HISTOIRE PATRIMOINE AOUSTOIS<\/title>\n<meta name=\"description\" content=\"Articles mis en ligne en 2019 par l&#039;association histoire patrimoine aoustois.\" \/>\n<meta name=\"robots\" content=\"index, follow, max-snippet:-1, max-image-preview:large, max-video-preview:-1\" \/>\n<link rel=\"canonical\" href=\"https:\/\/histoire-patrimoine-aoustois.fr\/?page_id=1722\" \/>\n<meta property=\"og:locale\" content=\"fr_FR\" \/>\n<meta property=\"og:type\" content=\"article\" \/>\n<meta property=\"og:title\" content=\"ANNEE 2019 - HISTOIRE PATRIMOINE AOUSTOIS\" \/>\n<meta property=\"og:description\" content=\"Articles mis en ligne en 2019 par l&#039;association histoire patrimoine aoustois.\" \/>\n<meta property=\"og:url\" content=\"https:\/\/histoire-patrimoine-aoustois.fr\/?page_id=1722\" \/>\n<meta property=\"og:site_name\" content=\"HISTOIRE PATRIMOINE AOUSTOIS\" \/>\n<meta property=\"article:modified_time\" content=\"2022-03-13T09:11:59+00:00\" \/>\n<meta property=\"og:image\" content=\"https:\/\/histoire-patrimoine-aoustois.fr\/wp-content\/uploads\/2022\/03\/logo-HPA-bandeau-mini-nouveau-site.jpg\" \/>\n<meta name=\"twitter:card\" content=\"summary_large_image\" \/>\n<meta name=\"twitter:label1\" content=\"Dur\u00e9e de lecture estim\u00e9e\" \/>\n\t<meta name=\"twitter:data1\" content=\"1 minute\" \/>\n<script type=\"application\/ld+json\" class=\"yoast-schema-graph\">{\"@context\":\"https:\\\/\\\/schema.org\",\"@graph\":[{\"@type\":\"WebPage\",\"@id\":\"https:\\\/\\\/histoire-patrimoine-aoustois.fr\\\/?page_id=1722\",\"url\":\"https:\\\/\\\/histoire-patrimoine-aoustois.fr\\\/?page_id=1722\",\"name\":\"ANNEE 2019 - HISTOIRE PATRIMOINE AOUSTOIS\",\"isPartOf\":{\"@id\":\"https:\\\/\\\/histoire-patrimoine-aoustois.fr\\\/#website\"},\"primaryImageOfPage\":{\"@id\":\"https:\\\/\\\/histoire-patrimoine-aoustois.fr\\\/?page_id=1722#primaryimage\"},\"image\":{\"@id\":\"https:\\\/\\\/histoire-patrimoine-aoustois.fr\\\/?page_id=1722#primaryimage\"},\"thumbnailUrl\":\"https:\\\/\\\/histoire-patrimoine-aoustois.fr\\\/wp-content\\\/uploads\\\/2022\\\/03\\\/logo-HPA-bandeau-mini-nouveau-site.jpg\",\"datePublished\":\"2022-01-28T05:32:27+00:00\",\"dateModified\":\"2022-03-13T09:11:59+00:00\",\"description\":\"Articles mis en ligne en 2019 par l'association histoire patrimoine aoustois.\",\"breadcrumb\":{\"@id\":\"https:\\\/\\\/histoire-patrimoine-aoustois.fr\\\/?page_id=1722#breadcrumb\"},\"inLanguage\":\"fr-FR\",\"potentialAction\":[{\"@type\":\"ReadAction\",\"target\":[\"https:\\\/\\\/histoire-patrimoine-aoustois.fr\\\/?page_id=1722\"]}]},{\"@type\":\"ImageObject\",\"inLanguage\":\"fr-FR\",\"@id\":\"https:\\\/\\\/histoire-patrimoine-aoustois.fr\\\/?page_id=1722#primaryimage\",\"url\":\"\",\"contentUrl\":\"\"},{\"@type\":\"BreadcrumbList\",\"@id\":\"https:\\\/\\\/histoire-patrimoine-aoustois.fr\\\/?page_id=1722#breadcrumb\",\"itemListElement\":[{\"@type\":\"ListItem\",\"position\":1,\"name\":\"Accueil\",\"item\":\"https:\\\/\\\/histoire-patrimoine-aoustois.fr\\\/\"},{\"@type\":\"ListItem\",\"position\":2,\"name\":\"ANNEE 2019\"}]},{\"@type\":\"WebSite\",\"@id\":\"https:\\\/\\\/histoire-patrimoine-aoustois.fr\\\/#website\",\"url\":\"https:\\\/\\\/histoire-patrimoine-aoustois.fr\\\/\",\"name\":\"HISTOIRE PATRIMOINE AOUSTOIS\",\"description\":\"\",\"publisher\":{\"@id\":\"https:\\\/\\\/histoire-patrimoine-aoustois.fr\\\/#organization\"},\"potentialAction\":[{\"@type\":\"SearchAction\",\"target\":{\"@type\":\"EntryPoint\",\"urlTemplate\":\"https:\\\/\\\/histoire-patrimoine-aoustois.fr\\\/?s={search_term_string}\"},\"query-input\":{\"@type\":\"PropertyValueSpecification\",\"valueRequired\":true,\"valueName\":\"search_term_string\"}}],\"inLanguage\":\"fr-FR\"},{\"@type\":\"Organization\",\"@id\":\"https:\\\/\\\/histoire-patrimoine-aoustois.fr\\\/#organization\",\"name\":\"histoire patrimoine aoustois\",\"url\":\"https:\\\/\\\/histoire-patrimoine-aoustois.fr\\\/\",\"logo\":{\"@type\":\"ImageObject\",\"inLanguage\":\"fr-FR\",\"@id\":\"https:\\\/\\\/histoire-patrimoine-aoustois.fr\\\/#\\\/schema\\\/logo\\\/image\\\/\",\"url\":\"\",\"contentUrl\":\"\",\"caption\":\"histoire patrimoine aoustois\"},\"image\":{\"@id\":\"https:\\\/\\\/histoire-patrimoine-aoustois.fr\\\/#\\\/schema\\\/logo\\\/image\\\/\"}}]}<\/script>\n<!-- \/ Yoast SEO plugin. -->","yoast_head_json":{"title":"ANNEE 2019 - HISTOIRE PATRIMOINE AOUSTOIS","description":"Articles mis en ligne en 2019 par l'association histoire patrimoine aoustois.","robots":{"index":"index","follow":"follow","max-snippet":"max-snippet:-1","max-image-preview":"max-image-preview:large","max-video-preview":"max-video-preview:-1"},"canonical":"https:\/\/histoire-patrimoine-aoustois.fr\/?page_id=1722","og_locale":"fr_FR","og_type":"article","og_title":"ANNEE 2019 - HISTOIRE PATRIMOINE AOUSTOIS","og_description":"Articles mis en ligne en 2019 par l'association histoire patrimoine aoustois.","og_url":"https:\/\/histoire-patrimoine-aoustois.fr\/?page_id=1722","og_site_name":"HISTOIRE PATRIMOINE AOUSTOIS","article_modified_time":"2022-03-13T09:11:59+00:00","og_image":[{"url":"https:\/\/histoire-patrimoine-aoustois.fr\/wp-content\/uploads\/2022\/03\/logo-HPA-bandeau-mini-nouveau-site.jpg","type":"","width":"","height":""}],"twitter_card":"summary_large_image","twitter_misc":{"Dur\u00e9e de lecture estim\u00e9e":"1 minute"},"schema":{"@context":"https:\/\/schema.org","@graph":[{"@type":"WebPage","@id":"https:\/\/histoire-patrimoine-aoustois.fr\/?page_id=1722","url":"https:\/\/histoire-patrimoine-aoustois.fr\/?page_id=1722","name":"ANNEE 2019 - HISTOIRE PATRIMOINE AOUSTOIS","isPartOf":{"@id":"https:\/\/histoire-patrimoine-aoustois.fr\/#website"},"primaryImageOfPage":{"@id":"https:\/\/histoire-patrimoine-aoustois.fr\/?page_id=1722#primaryimage"},"image":{"@id":"https:\/\/histoire-patrimoine-aoustois.fr\/?page_id=1722#primaryimage"},"thumbnailUrl":"https:\/\/histoire-patrimoine-aoustois.fr\/wp-content\/uploads\/2022\/03\/logo-HPA-bandeau-mini-nouveau-site.jpg","datePublished":"2022-01-28T05:32:27+00:00","dateModified":"2022-03-13T09:11:59+00:00","description":"Articles mis en ligne en 2019 par l'association histoire patrimoine aoustois.","breadcrumb":{"@id":"https:\/\/histoire-patrimoine-aoustois.fr\/?page_id=1722#breadcrumb"},"inLanguage":"fr-FR","potentialAction":[{"@type":"ReadAction","target":["https:\/\/histoire-patrimoine-aoustois.fr\/?page_id=1722"]}]},{"@type":"ImageObject","inLanguage":"fr-FR","@id":"https:\/\/histoire-patrimoine-aoustois.fr\/?page_id=1722#primaryimage","url":"","contentUrl":""},{"@type":"BreadcrumbList","@id":"https:\/\/histoire-patrimoine-aoustois.fr\/?page_id=1722#breadcrumb","itemListElement":[{"@type":"ListItem","position":1,"name":"Accueil","item":"https:\/\/histoire-patrimoine-aoustois.fr\/"},{"@type":"ListItem","position":2,"name":"ANNEE 2019"}]},{"@type":"WebSite","@id":"https:\/\/histoire-patrimoine-aoustois.fr\/#website","url":"https:\/\/histoire-patrimoine-aoustois.fr\/","name":"HISTOIRE PATRIMOINE AOUSTOIS","description":"","publisher":{"@id":"https:\/\/histoire-patrimoine-aoustois.fr\/#organization"},"potentialAction":[{"@type":"SearchAction","target":{"@type":"EntryPoint","urlTemplate":"https:\/\/histoire-patrimoine-aoustois.fr\/?s={search_term_string}"},"query-input":{"@type":"PropertyValueSpecification","valueRequired":true,"valueName":"search_term_string"}}],"inLanguage":"fr-FR"},{"@type":"Organization","@id":"https:\/\/histoire-patrimoine-aoustois.fr\/#organization","name":"histoire patrimoine aoustois","url":"https:\/\/histoire-patrimoine-aoustois.fr\/","logo":{"@type":"ImageObject","inLanguage":"fr-FR","@id":"https:\/\/histoire-patrimoine-aoustois.fr\/#\/schema\/logo\/image\/","url":"","contentUrl":"","caption":"histoire patrimoine aoustois"},"image":{"@id":"https:\/\/histoire-patrimoine-aoustois.fr\/#\/schema\/logo\/image\/"}}]}},"jetpack_sharing_enabled":true,"_links":{"self":[{"href":"https:\/\/histoire-patrimoine-aoustois.fr\/index.php?rest_route=\/wp\/v2\/pages\/1722","targetHints":{"allow":["GET"]}}],"collection":[{"href":"https:\/\/histoire-patrimoine-aoustois.fr\/index.php?rest_route=\/wp\/v2\/pages"}],"about":[{"href":"https:\/\/histoire-patrimoine-aoustois.fr\/index.php?rest_route=\/wp\/v2\/types\/page"}],"author":[{"embeddable":true,"href":"https:\/\/histoire-patrimoine-aoustois.fr\/index.php?rest_route=\/wp\/v2\/users\/1"}],"replies":[{"embeddable":true,"href":"https:\/\/histoire-patrimoine-aoustois.fr\/index.php?rest_route=%2Fwp%2Fv2%2Fcomments&post=1722"}],"version-history":[{"count":0,"href":"https:\/\/histoire-patrimoine-aoustois.fr\/index.php?rest_route=\/wp\/v2\/pages\/1722\/revisions"}],"wp:attachment":[{"href":"https:\/\/histoire-patrimoine-aoustois.fr\/index.php?rest_route=%2Fwp%2Fv2%2Fmedia&parent=1722"}],"curies":[{"name":"wp","href":"https:\/\/api.w.org\/{rel}","templated":true}]}}